 digit of p?
8
Let k(l) = -6*l**3 - l**2 - l. Let y(d) = -d - 4. Let b(t) = t - 10. Let g be b(7). Let u be y(g). What is the units digit of k(u)?
6
Suppose 0 = -0*q - 4*q + 12. Suppose a - 5*x = -33, -5*a + 4 = -q*a + 4*x. Let r = 15 + a. What is the units digit of r?
7
Let f = 23 - -17. What is the tens digit of f?
4
Suppose -9*g + 10*g - 46 = 0. What is the tens digit of g?
4
Let v(j) = -j**2 + 7*j + 3. Let f be v(7). What is the units digit of 1/f - 51/(-9)?
6
Let j be (1/3)/(2/30). Suppose 5*m = c + j, -3*m + c - 5*c = -26. Let q(f) = -f**3 + 4*f**2 - 2. What is the units digit of q(m)?
6
Suppose 9 = 4*z - 3. Let o = -5 + z. Let p = -1 - o. What is the units digit of p?
1
Suppose -4*g = -g - 6. Suppose -g*x + v + v = -18, -2*v + 54 = 4*x. What is the units digit of 3/x*6*10?
5
Suppose -5 + 1 = -4*t. Let n be (t/(-1) - -3) + -2. Let y(j) = j**2 - j + 9. What is the units digit of y(n)?
9
Let f be 0/((-6)/3) + 0. Let y = 2 - f. Suppose -85 = y*c - 7*c. What is the tens digit of c?
1
Let z be 2/(4 + -7 + 1). What is the units digit of 45 + 0*z/2?
5
Let l be (-14)/7 - -1*2. Let v be (-4)/(-10)*50/(-5). What is the units digit of (v - -6) + (l - 0)?
2
Let n(k) = -k**3 - 6*k**2 + 7*k + 1. Suppose 9 = -3*w + 3*t, -2*t - 5 + 18 = -3*w. What is the units digit of n(w)?
1
Suppose 0 = -5*m + 5*n + 90, -3*m + 59 = -0*n + 2*n. Suppose -2*c + 3*c + 3*z = 0, -4*z = -5*c - m. Let t = 9 + c. What is the units digit of t?
6
Let m(u) = -3*u - 3. What is the tens digit of m(-9)?
2
Let x(q) = -3*q**2 + q. Let l be x(-1). Let i = l + 4. Suppose 2 = -i*b + b. What is the units digit of b?
2
Let t = -14 - -27. Let x = t + -8. Suppose 15 = 5*i + d, x*d + 0*d - 21 = 2*i. What is the units digit of i?
2
Let n(r) = r + 5. Let i be n(4). Suppose -g + i = -4. What is the units digit of g?
3
Let c be (-4)/2*(-69)/6. Suppose -4*l = -129 - c. What is the units digit of l?
8
Let i(m) = m**2. Let u(t) be the second derivative of -t**4/4 + t**3/2 + t**2/2 + t. Let r(s) = -4*i(s) - u(s). What is the units digit of r(-2)?
1
Suppose -3*s + 18 = -12. Let y(p) = p + 10. What is the units digit of y(s)?
0
Let u(m) = -2*m - 7. Let c be u(5). Let a = c - -27. What is the tens digit of a?
1
Let s = -110 - -201. What is the units digit of s?
1
Suppose 36 + 66 = -3*g. Let j = 83 + g. What is the units digit of j?
9
Let m be (-4)/(-10) - (-23)/5. Suppose m*l - 40 = 4*k, 0 = l - 2*l - k - 1. Suppose 4 + 0 = l*c. What is the units digit of c?
1
Suppose 8 - 113 = -5*d. Let p = -4 + d. What is the units digit of p?
7
Suppose 3*w + 2*w - 4*t = 55, 4*w + 2*t - 18 = 0. Suppose 3*z - w = -s, -3*s + 0*z - z = -5. What is the units digit of s?
1
Suppose -1 + 9 = 4*i. Suppose -2*m = -i*w + 6 - 16, 2*w = -5*m + 25. Suppose -m*s = -2 - 8. What is the units digit of s?
2
Suppose 7 = -2*v - 5*o, 2*v - 5*v + 2*o = -18. Suppose -5*m = l + l - 71, 4*l - 184 = v*m. What is the units digit of l?
3
Let w(z) = -z + 14. Let c(t) = t. Let i(g) = 3*c(g) + w(g). What is the units digit of i(10)?
4
Suppose n - 6 = 16. What is the tens digit of n?
2
Let f(k) = k**2 + 4*k + 2. Let x be f(-4). Let v(m) = -m**2 + 3*m - 1. Let i be v(x). What is the units digit of 1 + (-2 - -7*i)?
6
Let i be 47/(-9) - 4/(-18). Let f = i - -21. What is the tens digit of f?
1
Let a be 10/1 - 4/(-2). Suppose 15*r - a*r - 63 = 0. What is the units digit of r?
1
What is the tens digit of (-1130)/(-16) - 12/(-32)?
7
Suppose h + 49 + 32 = 0. Let x = h + 131. What is the units digit of x?
0
Let h = 11 + 18. What is the units digit of h?
9
Let a = -50 - -149. What is the units digit of a?
9
Let s(b) = -b**2 - 8*b. Let a be s(-7). Let t = 6 + a. What is the tens digit of t?
1
Suppose 0 = -z + 27 + 2. What is the tens digit of z?
2
Let v = 26 + 9. Let z = v - 2. What is the tens digit of z?
3
Let i = 0 - -1. Suppose -q + 4 = i. What is the units digit of -9*-2*1/q?
6
Let p(y) = y**2 - 10*y - 6. Let n be p(5). Let m = n - -70. What is the units digit of m?
9
Let a(h) = -h**3 - 6*h**2 - 2*h - 9. Let z be a(-6). Let s(g) = g**3 - 9*g**2 + 7*g + 9. Let l be s(8). Let p = z - l. What is the units digit of p?
2
Suppose 5*b = 3*s - 9, s + 3*s - 41 = -3*b. Let z be (-8)/(-3)*42/s. What is the tens digit of (-1)/(z/(-13) + 1)?
1
Let d(k) be the third derivative of k**5/60 + k**4/4 - k**3/6 + 6*k**2. What is the units digit of d(-7)?
6
Suppose 5*w - 2*b + 4*b = 1495, -3*b = 4*w - 1196. What is the units digit of w?
9
Let p(r) = r**2 + 7*r - 2. Let b be p(-8). Suppose 0 = 4*x - b*x. Suppose x = 3*l - 37 - 20. What is the tens digit of l?
1
Suppose 4*c - 224 - 104 = 0. What is the tens digit of c?
8
Suppose 5*o - 187 = -4*h - 24, -5*h - 5*o + 205 = 0. Suppose 0 = i + 2*i - h. Let c = i + -10. What is the units digit of c?
4
What is the tens digit of 1*((-2 - -29) + -1)?
2
Let i(w) = -42*w + 6. What is the units digit of i(-5)?
6
Suppose 70 + 5 = 3*t. Suppose 2*z - 2*j = 4, z + t = -4*z - 2*j. What is the units digit of -12*1/(4/z)?
9
Let h(x) = -2*x. Let t be h(-3). Suppose -5*b + 4*l + 12 = 0, -2*l + t = l. What is the units digit of b?
4
Suppose 4*n = n. Let w be 0/((-3)/(-3) - n). Suppose -2 = -y - w*z + 5*z, -3*z + 2 = y. What is the units digit of y?
2
Suppose -2 = -2*m - 0, 0 = 3*l + 2*m - 17. Let n = l - -1. What is the units digit of n?
6
Suppose 0 = 2*k + 3*y - 13 - 36, -2*k + 39 = 5*y. Let m = -22 + k. Let g = m - 6. What is the units digit of g?
4
Let r = 7 - 1. Let n(x) = x. Let s be n(r). Let y = s + 0. What is the units digit of y?
6
Let l = 647 - 407. What is the units digit of l?
0
Suppose -p + 4*r + 59 = 0, 3*r + 8 = -p + 32. What is the tens digit of p?
3
Suppose 4*x = 18 + 2. Suppose x*f + 15 = 0, -f = r - 2*r + 21. What is the units digit of r?
8
Suppose 0*f - 11 = -f. Suppose -5*r + 9 = -i, 5*r - 14 = f. Suppose 0 = 5*a - a - i. What is the units digit of a?
4
Let j(a) = a**2 - 11*a + 6. Let k be j(8). Let c = k + 12. Let f = -5 - c. What is the units digit of f?
1
Let m = -16 - -31. Let p = -10 + m. Suppose -2*x + 2*h + 20 = 0, -4*x - 22 = -7*x - p*h. What is the units digit of x?
9
Let c(n) = 4*n**3 - 7*n**3 + n**3 - 9*n**2 + n**3. Let b be c(-9). Suppose -3*l + 3 = -b. What is the units digit of l?
1
Let l = 3 + -9. Let v = 12 + l. Suppose -v*m = -7*m + 13. What is the tens digit of m?
1
What is the hundreds digit of 68*(60/(-2))/(-6)?
3
Let k(x) = -x**3 - 4*x**2 - 3*x + 1. Let c be -3*(-1)/((-3)/4). What is the units digit of k(c)?
3
Let k(i) = 2*i**2 + i - 2. Let p be (-8*2/(-2))/(-1). Let m be 117/36 - (-2)/p. What is the tens digit of k(m)?
1
Suppose 2*g - 185 + 35 = 0. What is the units digit of g?
5
Suppose 0*z + z + 6 = 0. Let a(j) = -j**2 - 7*j + 2. What is the units digit of a(z)?
8
Suppose -4*j = 0, -4*p + 166 = -j + 18. Suppose p = 5*a - 48. What is the tens digit of a?
1
Let g = -48 + 105. What is the tens digit of g?
5
Let u(h) = 2*h**2 + 9*h + 19. Let n be (1*1*-5)/(-1). Let c(l) = -l**2 - 5*l - 9. Let v(b) = n*c(b) + 2*u(b). What is the units digit of v(-5)?
3
Suppose 0 = -7*y + 2*y + 30. What is the units digit of y?
6
Suppose 4*g = -g + 20, -g = 2*y - 104. Suppose -5*o = -5*k - 25, -4*k = o + 2*o - y. Let t(n) = n**3 - 11*n**2 + 10*n + 12. What is the units digit of t(o)?
2
Let l = 231 - 159. What is the units digit of l?
2
Let n(r) = 2*r**2 - 2*r + 9. What is the units digit of n(6)?
9
What is the units digit of (2 + -4)*-8 + 3?
9
Let f be 6/(-2 + 1 + -1). What is the tens digit of -43*(-4)/(-12)*f?
4
Suppose 4*p = 6*p - 4*g - 4, -g - 11 = -3*p. Suppose 63 = 2*b - d, -d = -p*b + b + 93. What is the units digit of b?
0
Let o = 87 - -14. What is the units digit of o?
1
What is the units digit of (-4)/(0 + -1) + 5?
9
Let n(d) = d**3 - 6*d**2 + 3. Let k be n(6). Suppose 0 = -t - k*t + 124. What is the units digit of t?
1
Let h(n) = -n - 5. Let j be h(-7). Suppose 0 = j*c - 3*d - 79, d + 37 = c - d. What is the tens digit of c?
4
Suppose 4*c = -0*n - n + 12, -4*n = 4*c. Suppose d - 13 = c*p, 3*d - 98 = 3*p - 14. What is the tens digit of d?
3
Let o(r) = 13*r + 1. Let t be o(-1). Let c = 1 - t. Let i = -11 + c. What is the units digit of i?
2
Let j be 1 + 15 + 3 - -2. Suppose 4*r + j = -3. What is the units digit of (9/r)/((-2)/20)?
5
Suppose 2*t = -2*c - 0*c - 10, -c = -5*t - 25. Suppose -4*j + j + 75 = 3*y, -2*y -